4093?
8
What is the tens digit of 238480428?
2
What is the hundreds digit of 250028391?
3
What is the hundreds digit of 401198492?
4
What is the ten millions digit of 404434451?
0
What is the millions digit of 355916469?
5
What is the millions digit of 116706583?
6
What is the units digit of 48129274?
4
What is the ten thousands digit of 1782884960?
8
What is the thousands digit of 1454269017?
9
What is the tens digit of 59632498?
9
What is the tens digit of 2409178?
7
What is the millions digit of 342155382?
2
What is the thousands digit of 78569445?
9
What is the units digit of 1486098203?
3
What is the hundred millions digit of 4113475793?
1
What is the thousands digit of 48313748?
3
What is the tens digit of 590119830?
3
What is the units digit of 9967909?
9
What is the thousands digit of 270431260?
1
What is the thousands digit of 58494874?
4
What is the millions digit of 189678744?
9
What is the hundreds digit of 7228955922?
9
What is the hundred millions digit of 104122981?
1
What is the hundred thousands digit of 2535292078?
2
What is the ten thousands digit of 27958849?
5
What is the ten millions digit of 30968707?
3
What is the hundreds digit of 45668251?
2
What is the millions digit of 179408980?
9
What is the hundreds digit of 106746517?
5
What is the hundreds digit of 65539053?
0
What is the hundreds digit of 5132345134?
1
What is the ten millions digit of 1090061789?
9
What is the ten thousands digit of 152974312?
7
What is the thousands digit of 70829729?
9
What is the billions digit of 2122850709?
2
What is the ten thousands digit of 226565614?
6
What is the millions digit of 1100876273?
0
What is the tens digit of 625903450?
5
What is the hundred millions digit of 106805147?
1
What is the ten millions digit of 622748184?
2
What is the hundred thousands digit of 1929441242?
4
What is the thousands digit of 1305794240?
4
What is the thousands digit of 96759053?
9
What is the ten millions digit of 1656497597?
5
What is the hundreds digit of 761879994?
9
What is the hundred thousands digit of 157081524?
0
What is the tens digit of 2677051115?
1
What is the millions digit of 117805950?
7
What is the units digit of 113325012?
2
What is the hundreds digit of 308305580?
5
What is the thousands digit of 20430057?
0
What is the hundred millions digit of 440789636?
4
What is the units digit of 178041324?
4
What is the units digit of 62900891?
1
What is the millions digit of 2676350048?
6
What is the ten millions digit of 876962567?
7
What is the hundreds digit of 8375136?
1
What is the ten thousands digit of 668795441?
9
What is the thousands digit of 824607987?
7
What is the ten thousands digit of 190770250?
7
What is the ten thousands digit of 3282872803?
7
What is the ten millions digit of 71823400?
7
What is the ten thousands digit of 5846741783?
4
What is the tens digit of 1880066534?
3
What is the millions digit of 73091154?
3
What is the hundreds digit of 476679482?
4
What is the hundreds digit of 18009707?
7
What is the tens digit of 42990284?
8
What is the millions digit of 159023900?
9
What is the hundreds digit of 408072992?
9
What is the hundred thousands digit of 34372047?
3
What is the hundred thousands digit of 329017497?
0
What is the millions digit of 1198948964?
8
What is the units digit of 77529369?
9
What is the hundreds digit of 434415522?
5
What is the ten millions digit of 573459011?
7
What is the ten thousands digit of 235840806?
4
What is the hundred millions digit of 1010464222?
0
What is the tens digit of 3346532?
3
What is the units digit of 267037505?
5
What is the tens digit of 179006776?
7
What is the tens digit of 1625918771?
7
What is the units digit of 11912075?
5
What is the thousands digit of 6922461606?
1
What is the hundred millions digit of 400848620?
4
What is the ten millions digit of 96859013?
9
What is the tens digit of 59900112?
1
What is the units digit of 406984586?
6
What is the hundreds digit of 3384606888?
8
What is the hundred thousands digit of 387444273?
4
What is the hundreds digit of 76633659?
6
What is the ten thousands digit of 675899996?
9
What is the hundred millions digit of 690913461?
6
What is the thousands digit of 7951642?
1
What is the units digit of 3250858?
8
What is the units digit of 504824440?
0
What is the hundreds digit of 503915490?
4
What is the tens digit of 781010733?
3
What is the thousands digit of 87003121?
3
What is the units digit of 2880070260?
0
What is the millions digit of 237201516?
7
What is the thousands digit of 44623272?
3
What is the hundred thousands digit of 220707050?
7
What is the tens digit of 47153194?
9
What is the hundred thousands digit of 3704604272?
6
What is the ten millions digit of 6080990376?
8
What is the tens digit of 1269654?
5
What is the units digit of 7695062882?
2
What is the hundreds digit of 1509157840?
8
What is the thousands digit of 127647437?
7
What is the hundred millions digit of 383332438?
3
What is the units digit of 393791270?
0
What is the hundreds digit of 2466455904?
9
What is the hundreds digit of 146883767?
7
What is the hundred thousands digit of 2645452676?
4
What is the thousands digit of 1250165712?
5
What is the billions digit of 1746466878?
1
What is the tens digit of 582857373?
7
What is the hundred thousands digit of 112269682?
2
What is the hundred millions digit of 123063121?
1
What is the hundred millions digit of 556274764?
5
What is the tens digit of 3131501549?
4
What is the millions digit of 217153611?
7
What is the hundreds digit of 47808694?
6
What is the hundreds digit of 1132715198?
1
What is the tens digit of 869720158?
5
What is the hundred thousands digit of 56856117?
8
What is the thousands digit of 25497079?
7
What is the ten millions digit of 935602541?
3
What is the ten thousands digit of 15398163?
9
What is the tens digit of 37728826?
2
What is the billions digit of 2621650409?
2
What is the units digit of 43782444?
4
What is the units digit of 458128390?
0
What is the hundreds digit of 78539300?
3
What is the ten thousands digit of 64427826?
2
What is the hundreds digit of 71184536?
5
What is the hundred millions digit of 3001983410?
0
What is the units digit of 156096656?
6
What is the hundreds digit of 275847179?
1
What is the ten millions digit of 455444561?
5
What is the millions digit of 1236099690?
6
What is the hundreds digit of 174557075?
0
What is the hundred thousands digit of 529961?
5
What is the ten millions digit of 373769734?
7
What is the ten millions digit of 683237454?
8
What is the hundreds digit of 304886292?
2
What is the thousands digit of 1740813320?
3
What is the ten thousands digit of 460628477?
2
What is the thousands digit of 9990133?
0
What is the thousands digit of 55855399?
5
What is the thousands digit of 51257412?
7
What is the ten millions digit of 2428525868?
2
What is the tens digit of 57099181?
8
What is the ten thousands digit of 71182659?
8
What is the tens digit of 381743449?
4
What is the hundred millions digit of 130863981?
1
What is the ten thousands digit of 96333349?
3
What is the hundreds digit of 126062872?
8
What is the hundred thousands digit of 230650067?
6
What is the millions digit of 87005565?
7
What is the hundred thousands digit of 36708837?
7
What is the hundred millions digit of 3605098824?
6
What is the hundred thousands digit of 163889047?
8
What is the ten thousands digit of 26434412?
3
What is the ten millions digit of 2076274202?
7
What is the millions digit of 2107653211?
7
What is the ten millions digit of 414605545?
1
What is the thousands digit of 2191093170?
3
What is the ten thousands digit of 54763489?
6
What is the millions digit of 29463621?
9
What is the hundred thousands digit of 179568455?
5
What is the ten thousands digit of 335146151?
4
What is the hundred thousands digit of 3602448734?
4
What is the hundred thousands digit of 327154?
3
What is the hundred thousands digit of 1377230313?
2
What is the hundreds digit of 133572394?
3
What is the tens digit of 140833094?
9
What is the hundred thousands digit of 699172121?
1
What is the hundred thousands digit of 219076540?
0
What is the billions digit of 1397171269?
1
What is the hundred millions digit of 151279996?
1
What is the tens digit of 1980155519?
1
Wh